z, 3*a + 3 - 12 = -z. Give o(a).
27
Let v(p) be the second derivative of -p**5/60 + p**4/8 - p**3/3 - p**2/2 + 3*p. Let g(t) be the first derivative of v(t). Calculate g(3).
-2
Let f(g) be the second derivative of -g**5/20 - g**4/12 - g**3/6 - 5*g. Calculate f(0).
0
Let r = -2 - -3. Let x(t) = -12*t**3 - 7*t**2 - 2*t + 2. Let q(b) = 6*b**3 + 4*b**2 + b - 1. Let f(c) = -5*q(c) - 3*x(c). Calculate f(r).
7
Let a(x) = 4*x**2 - x - 1. Let y be ((-12)/14)/((-4)/28). Let t = 1 + y. Suppose -4*m = 4*n + 12, 0 = 3*n - 4*m - m - t. Give a(n).
4
Let y(k) = 2*k + 4. Let h(i) = -i - 2. Let v(l) = -l - 1. Let m be v(-7). Suppose -3*u + 7 = -32. Let a(d) = m*y(d) + u*h(d). Calculate a(5).
-7
Let f(h) = h + 2. Let w be ((-6)/15)/((-2)/(-10)). Determine f(w).
0
Let s(v) = 7*v - 4 + 17*v**2 - 16*v**2 - 2. Give s(-7).
-6
Let w(s) be the second derivative of 1/12*s**4 + 0 - 4*s + 1/20*s**5 + 0*s**3 - 4*s**2. Calculate w(0).
-8
Let g(v) = -v + 2*v**2 - 5*v**2 + v**2 + 2 + v**2. Determine g(0).
2
Suppose 1 = -n, -4*x + 3*n - 5 = -28. Let r = x + -5. Let w(k) = k + 0 + k + r*k**2 - 3*k**2 + 1. Calculate w(-1).
-4
Let y(l) = l**3 - 5*l**2 - 8*l + 7. Suppose -4*t - t + 15 = 0. Let r be 19/3 + t/(-9). Calculate y(r).
-5
Suppose -2*y - 2*y - 4 = 0. Let r(f) be the first derivative of 1 + f + f**2 - 5/2*f**4 + 2/3*f**3. Calculate r(y).
11
Let y(v) = -6*v + 1. Suppose 2*m + 6 = -d + 3, 2*m = 2*d. What is y(d)?
7
Let d(n) = -n**2 - 4*n - 3. Let p be (-1 + 4)*(3 + -4). Let r be d(p). Let i(y) be the third derivative of y**4/24 + y**3/3 + 2*y**2. Calculate i(r).
2
Let x(d) = -2*d + 11. Let t be ((-9)/6)/(1/(-2)). Let j(a) = a - 6. Let w(f) = t*x(f) + 5*j(f). What is w(6)?
-3
Let g(r) = -r**2 + 3. Suppose -5*m = f + 15, -4*f - 2*m - 3 = -m. Let d be (-3)/(f + 6/4). Let y(i) = -i**2 - 2*i - 3. Let x be y(d). Give g(x).
-6
Let g be 6/15 + 53/5. Let u be g/2 + 1/(-2). Let d(a) = -a**2 + 3*a + 1. Let o(h) = h**2 - 4*h - 1. Let r(w) = -3*d(w) - 4*o(w). Give r(u).
11
Let t(w) = -3*w**3 + w - 7 + 4*w**3 + 2 + 4*w**2. Let h be t(-4). Let y be (-4)/(-6) + 42/h. Let n(u) = 2*u + 6. What is n(y)?
-2
Let m(d) = -d**3 + 5*d**2 + d + 7. Let n be (0 + -1)/(35/(-175)). Determine m(n).
12
Let s(y) = 2*y - 238 + 234 + 2*y - 5*y. Determine s(-4).
0
Let g(b) = -b**3 - 5*b**2 + 4. Let s be g(-5). Let n be -1*(-3)/(3 - 0). Let q(a) = 7*a + 3*a**3 - 7 + n - 5*a**2 - 2*a**3. What is q(s)?
6
Let d be ((-1)/(-1))/(-3*6/18). Let m(u) = 5*u. Determine m(d).
-5
Let t(c) be the second derivative of c + 3*c**2 + 0 + 1/12*c**4 - c**3. Calculate t(6).
6
Let d(g) be the first derivative of -g**4/4 + 2*g**3 + g**2/2 + 2*g - 12. Calculate d(6).
8
Suppose 0*x = -2*t + 2*x + 10, 0 = 3*t + 2*x + 10. Let b(p) = p + 4. Give b(t).
4
Suppose 0 = -3*s - 0 + 6. Let q = s + -4. Let m(r) be the first derivative of 3*r**2/2 + r - 1. Determine m(q).
-5
Let u(s) = s**3 + 26*s**2 + 25*s - 2. Let d be u(-25). Let h(k) = 8*k + 3. Determine h(d).
-13
Let w(m) be the first derivative of 2 - 4*m - 1/3*m**3 - 2*m**2. Give w(-3).
-1
Let i(w) = w**2 - 4*w - 6. Let o(b) = b**3 - 3*b**2 - 3*b + 2. Let y be o(4). Calculate i(y).
6
Let q(n) = 1. Let v(k) = -6*k**2 + 4*k + 1. Let a(i) = -5*i**2 + 3*i + 1. Let t(x) = 5*a(x) - 4*v(x). Let h(w) = 2*q(w) - t(w). Give h(0).
1
Let x(q) = -q**3 + 2*q**2 + 4*q - 2. Let r(w) = w**2 - 6*w - 12. Let h be r(8). Determine x(h).
-18
Let i(x) = 12*x - 28 - 26 - 9*x + 50 + 2*x**2. Suppose r + 2 = 0, 4*w = 3*r - 8 + 2. Calculate i(w).
5
Let u(r) = -r. Let d(l) = 2*l + 2. Let j be d(-2). What is u(j)?
2
Suppose 2*b + 16 = 6*b. Suppose 4*c - 9 = c + n, -5*c = n - 15. Let k(q) = c + 2 - 3*q + 1 + 0*q. Give k(b).
-6
Let t(g) be the third derivative of g**4/8 - g**3/2 - 7*g**2 - 3*g. Suppose 4 = -2*h + 3*h. Determine t(h).
9
Let k(h) = -3*h**2 + 2 + 1 - 6 + 4*h**2 - 11*h. Suppose 5*u = 5*z + 70, -3*u - 2*z + 36 = -3*z. Let q be k(u). Let t(v) = -v**3 - 4*v**2 - v + 4. Give t(q).
-2
Let o(w) = -6*w**2 - 2*w - 1. Suppose 0 = n + m + 2, 5*m - 3 = -3*n - 19. Let b = 2 - n. What is o(b)?
-5
Let v(d) = -19 + 22 - 4*d + 7*d. Calculate v(-3).
-6
Let j(k) be the second derivative of -k**5/20 - k**4/2 + 3*k**3/2 - 2*k**2 - 44*k. Give j(-7).
-18
Suppose -2*u + 3*w + 6 = -11, -3*w = -3*u + 18. Let k(s) = -3*s**2 + s - 1. Determine k(u).
-3
Let k(d) = -d**3 + 2*d**2 + 4*d. Let m be k(3). Let p(f) = 2 + 2*f**3 - m*f**3 + 4*f - 3*f**2 + 0*f. Suppose 0 = 3*t - 4 + 16. Determine p(t).
2
Let r(n) be the third derivative of n**6/120 + n**5/20 - n**4/6 - 2*n**3/3 - 8*n**2. Calculate r(-3).
8
Suppose -2*s + 0*b = -2*b, 5*s + 27 = -4*b. Let f(g) = g**3 + 2*g**2 - 4*g - 3. What is f(s)?
0
Let c(u) = 0*u**2 + u**2 + 1 + 5*u - 4*u. Give c(-2).
3
Let l(c) = c**2 + 10*c - 5. Suppose -3*r = 2*r - 130. Let s = 15 - r. Let p be l(s). Let b(a) = a - 5. What is b(p)?
1
Let d(t) = -t**2 - 5*t + 1. Suppose -20 - 10 = 2*n. Suppose z - 20 = 3*z. Let v = n - z. Give d(v).
1
Let y be -1 + 4/2 + 0. Let c(o) be the first derivative of 11*o**2/2 - 2. What is c(y)?
11
Let c = -3 + 7. Let a(i) be the second derivative of -i**5/20 + 5*i**4/12 - i**3/2 + 3*i**2/2 + i. Give a(c).
7
Let n(j) = j - 1. Let a be 7*-1*(-6)/21. Let p be 5/(-8)*a*4. What is n(p)?
-6
Let c(p) be the third derivative of p**6/120 + p**5/12 - 5*p**4/24 + p**3/2 + 47*p**2. What is c(-6)?
-3
Let d(t) = t**3 - 6*t**2 + t - 2. Let q be d(6). Let h(s) = -4*s**2 + 0*s**3 - q - s**3 + 9*s**2. Let n be 10/(-40)*-4*5. What is h(n)?
-4
Let o(a) = -2*a + 4. Let y(m) = -m**2 - 2*m. Let i be y(-2). Suppose i = -2*v + 4 + 4. What is o(v)?
-4
Suppose 4*v + 10 = -v, -d + 5 = -v. Let h(o) be the first derivative of o**5/30 - o**4/6 + o**2 + 3. Let q(z) be the second derivative of h(z). What is q(d)?
6
Let g(b) be the third derivative of -b**4/24 + 24*b**2. What is g(-7)?
7
Let h(f) = f**2 - 10*f + 11. Let c be h(8). Let p(g) = g**2 + 4*g. Determine p(c).
5
Let j(b) be the first derivative of b**3/6 - 9*b**2/2 + 2*b - 1. Let a(v) be the first derivative of j(v). What is a(0)?
-9
Let u = 6 - 6. Suppose u = 3*i - 6 - 3. Let w(b) be the second derivative of -b**3/2 + 2*b**2 - b. Give w(i).
-5
Let x(f) be the second derivative of -f**3/6 + f**2 + f. Let d(s) = 2*s + 6. Let w be d(-4). Determine x(w).
4
Let p(v) be the first derivative of -v**4/4 - v**3/3 - v**2/2 - 2*v + 1. Suppose -2*r + 8 = 3*l, -4*l + 21 = -3*r - 1. What is p(r)?
4
Let a(f) = f**2 - 2*f - 7. Let w be a(3). Let j(p) = 3*p + 3. What is j(w)?
-9
Let j(y) = -4*y + 1. Let f be j(3). Let n = -2 - f. Suppose -2*s + 5*s + n = 0. Let r(k) = k**2 + 4*k - 3. What is r(s)?
-6
Let o(j) = -21*j + 15. Let r(x) = 5*x - 4. Let v(c) = 2*o(c) + 9*r(c). Suppose 0 = -2*p + 6, -5*y - p + 17 = 3*p. Let k be 10*1/2*y. What is v(k)?
9
Let j(i) = -8 - i**2 - i + 5 + 2*i**2 + 7. Let v(r) = -r. Let q be v(0). Determine j(q).
4
Let k(q) be the third derivative of -q**4/8 - 3*q**2. Calculate k(2).
-6
Suppose -5*f = -25, 1 + 4 = 2*l + f. Let t(q) = -4*q + 2 + l*q + 2*q + q. Calculate t(0).
2
Suppose -q - 3*n - 4 = 6, q + 14 = -5*n. Let r(g) = -g**2 + 4. Calculate r(q).
-12
Let v(w) = -9*w + 7*w - 4 + w**2 + 0*w. Let n(p) = -3*p**2 + 3*p + 9. Let x(o) = -2*n(o) - 5*v(o). Suppose -2*j = -j + 5. What is x(j)?
7
Let k(l) = l**3 + 5*l**2 + 3*l + 5. Let r(d) = -d**2 + 8*d - 5. Let m be r(8). Give k(m).
-10
Let w(z) = 6*z - 4 - z**2 - 3*z**2 - 8*z**3 + 7*z**3 + 1. Give w(-5).
-8
Let d(w) = -3*w + 16. Let k(v) = -4*v + 17. Let g(o) = 5*d(o) - 4*k(o). Let c(y) = -4*y - 37. Let z(n) = 2*c(n) + 7*g(n). Give z(7).
3
Let c(k) = 7*k + 7. Let m(v) = 21*v + 20. Let f(z) = 17*c(z) - 6*m(z). Calculate f(-1).
6
Let p(r) = 2*r**2 + 3*r + 2. Suppose -3*j - 5*q + 4 = 0, j - 6*j - 2*q - 6 = 0. Give p(j).
4
Let i(c) = 2*c**2 + c - 2. Let b(j) = j**3 - j**2 + 2*j - 3. Let x = -5 + 7. Let q be b(x). Let w = -7 + q. What is i(w)?
4
Let x(m) = 1 - 27*m - 20*m + 48*m. What is x(-7)?
-6
Let a = 3 - 5. Let c be 24/(-12) + (0 - -2). Let r(b) = c*b - b + 1 + 0*b**2 + 2*b + 2*b**2. Calculate r(a).
7
Suppose 4*x - 20 = -x. Let k(i) = i - i - x*i - 3. Give k(-3).
9
Suppose -4*n = -2*p - 6 + 30, -3*n - 21 = -3*p. Let d = 4 - p. Let q = d - 1. Let v(k) = k**2 + 2*k - 1. What is v(q)?
2
Suppose g + 3 = -4*d, 5*d + 5 + 15 = 2*g. Let w(j) = 4*j - 2. Let f(o) = -7*o + 3. Let a(i) = g*w(i) + 3*f(i). De